3/22*-10 - -698 is divided by 110.
23
What is the remainder when 1603 is divided by 72/30 - (-9)/15 - -197?
3
Suppose -46 + 130 = 4*d. What is the remainder when 97 is divided by (-4)/6 + 1043/d?
48
Suppose 27*j = 20*j + 14. Suppose 2*i - 12 + j = 0. Calculate the remainder when i/(10/92) + 2 is divided by 18.
12
Suppose 2*v = 3*k + 11 + 13, -v + 17 = -4*k. Calculate the remainder when (12/v)/(-2)*252/(-24) is divided by 5.
2
Let k(p) = -10*p + 21. Let z be k(4). What is the remainder when z*(-11)/(220/8)*10 is divided by 31?
14
Suppose -10*c + 44 = 154. Let k = c + 21. Suppose 29*j + k = 30*j. Calculate the remainder when 48 is divided by j.
8
Let d be (-10)/(-2)*90/225. Suppose d*q - 2*b + 129 = 7*q, -3*b - 36 = -q. What is the remainder when 118 is divided by q?
10
Let x(a) = 288*a - 2719. What is the remainder when 970 is divided by x(10)?
4
Let v = 17 - 9. Let k(h) = -h**2 - 14*h - 4. Let o be k(-10). Let j = o - 6. What is the remainder when j is divided by v?
6
Suppose 718 + 524 = 9*s. Calculate the remainder when s is divided by ((-2800)/(-300))/((-6)/(-27)*3).
12
Let i(d) = 14*d**2 - 60*d + 33. Calculate the remainder when 337 is divided by i(5).
5
Suppose 35*h - 72 = 26*h. Suppose 180 = 5*z + 4*k - 9*k, 5*z + k = 168. Calculate the remainder when z is divided by h.
2
Let n(h) = -7*h**2 - 1357*h + 8630. Calculate the remainder when n(-200) is divided by 93/5 - (-4)/10.
11
Let d = 9203 + -2561. What is the remainder when d is divided by 73?
72
What is the remainder when (69/46)/(21/10528) is divided by 744?
8
Suppose 0 = -5*d + 30 - 20. Suppose 3*l = -d*k - 3*k + 35, 0 = 2*k + 4. Suppose 0 = 2*u - 107 - 189. Calculate the remainder when u is divided by l.
13
Let d(s) = s**2 + 12*s - 91. Let c be d(-18). Suppose -5*n + n = 0, -5*n = m - c. What is the remainder when 235 is divided by m?
14
Suppose -104*x = -121*x + 1258. Calculate the remainder when x is divided by 65.
9
Suppose 62*s = 5*l + 63*s - 35, -s = 2*l - 11. What is the remainder when 153/9 - (3 + -1) is divided by l?
7
Suppose -2*s = l - 91, -2*s = -19*l + 15*l + 344. Calculate the remainder when 1737 is divided by l.
84
Let d be 93/(-4)*(-20)/3. Suppose -d = -7*w + 328. What is the remainder when w is divided by 12/((-2)/(-3) + 0)?
15
Suppose 4*z - 17 = -3*o - 0*o, 4*z + 4*o = 16. Let d be 9/2 - (-3)/6. Let f = d - -3. What is the remainder when f is divided by z?
3
Suppose -h - 52 = -137. Let x = h - 77. Suppose -2*j = 3*j - 20. Calculate the remainder when x is divided by j.
0
Suppose -1078*f + 1075*f + 3232 = -h, f - 1073 = -4*h. Calculate the remainder when f is divided by 344.
45
Let u(t) = t**2 + 5*t + 13. Let x be u(-9). What is the remainder when 107 is divided by (5 - x/7) + 39?
33
Let v = -4 - -31. Let g = -10 - -25. Let m(d) = 2*d + 49. Calculate the remainder when m(g) is divided by v.
25
Let c = -92 - -138. Let f = c + -43. Suppose -3*t = f*o + 2*o - 162, -o = -3*t - 36. Calculate the remainder when 65 is divided by o.
32
Let t = 87 - 77. Let k = -2 + 1. Calculate the remainder when t is divided by -1 - (k + 4) - -12.
2
Let p = 24 - 13. Suppose -2*g + p = -g. Suppose 225 = 5*y - 35. Calculate the remainder when y is divided by g.
8
Let k = -3431 - -3464. What is the remainder when 784 is divided by k?
25
Suppose -117*b - 24130 + 75494 = -21878. Calculate the remainder when 2507 is divided by b.
3
Suppose -14*m - 230 = -24*m. Calculate the remainder when 3 + 224 + 0 + 4 - 3 is divided by m.
21
Calculate the remainder when 133 is divided by (64/(-6))/(26/(-39)).
5
Suppose 2 = 5*k - 148. Let x = 681 + -477. Let f = 293 - x. What is the remainder when f is divided by k?
29
Suppose -4*a + 44 = 4*z, -4*a - 41 = -z + a. Calculate the remainder when 7*5/35*z is divided by (2*-5 - -2)*-1.
0
Let i be 9*-2*-2*(-3)/(-9). Let v(p) = -2*p**3 + 24*p**2 + 2*p - 7. Calculate the remainder when 117 is divided by v(i).
15
Let m = 38 + -38. Suppose m = i - 2. Suppose -2*y = 4*d - 60, d - 5 = i*y + 15. What is the remainder when d is divided by 9?
7
Let r(a) = 25*a - 1. Let j(q) = 17*q - 1. Let y(m) = -8*j(m) + 5*r(m). Suppose -42*t - 20 = -44*t. What is the remainder when y(-4) is divided by t?
7
Suppose -216*l - 1959 = -13198 - 13601. Let o = -30 + 80. Calculate the remainder when l is divided by o.
15
Suppose -4*w + s = -3055, 6*s - 3070 = -4*w + 4*s. Calculate the remainder when w is divided by 253.
6
Suppose -2*o = -4*l - 54, 1844*o - 116 = 1840*o + 4*l. Calculate the remainder when 6136 is divided by o.
29
Let c be ((-55)/10)/((-1)/(8 + -2)). Suppose 8*i + c = 97. What is the remainder when 23 is divided by i?
7
Let x(y) = 4*y**2 + 41*y - 19. Let f be x(-11). Let j = 92 + f. Calculate the remainder when j is divided by 18.
16
Let i = -6407 - -6480. What is the remainder when 373 is divided by i?
8
Suppose -4*k - r = r - 904, -3*k + 5*r + 652 = 0. Let f = -199 + k. Calculate the remainder when 162 is divided by f.
12
Let p(u) = -u**2 + 7*u + 2. Let x(s) = -s**3 + 5*s**2 - 6*s + 5. Let j be x(3). Calculate the remainder when p(j) is divided by (-1755)/(-255) - 2/(-17).
5
Suppose -5*z + 5 + 0 = 0. What is the remainder when (5 + z + 189)*1 is divided by 18?
15
Let a = 74 - 322. What is the remainder when 129 is divided by (-11501)/a - (-6)/(-16)?
37
Let s(w) = w**2 + 48*w - 2435. Suppose 0 = -5*k - 2*n + 877, 0*k + 5*k - 905 = 5*n. What is the remainder when k is divided by s(31)?
9
Suppose -p - 7 = w, 4*w = p + 4*p + 17. Calculate the remainder when 23 is divided by w - -12 - ((-21)/3 + 8).
5
Let j(t) = t**2 - 10*t - 22. Let n(d) = -5*d - 43. Let r be n(-14). Let a = 42 - r. What is the remainder when j(a) is divided by 22?
9
Suppose -54*p + 59*p = -t - 10, 2*p = 3*t - 106. What is the remainder when 5159 is divided by t?
29
Suppose -1992 = -21*z + 9222. What is the remainder when z is divided by 418?
116
Let w(q) = 3*q - 5. Let h be (-30)/(-4) - 6/12. What is the remainder when 93 is divided by w(h)?
13
Let l(y) = 4*y + 32. Let g be l(-8). Suppose 0 = -2*m - 9 + 51. What is the remainder when (g + (-4)/(-2))*(-440)/(-16) is divided by m?
13
Let g(n) = -n. Let u(x) = -125 - 54 - 71 - 4*x + 188. Let z(o) = g(o) - u(o). Calculate the remainder when z(12) is divided by 25.
23
Suppose 2*o - 3*b + 2*b - 38 = 0, 71 = 3*o + 2*b. Let f(a) = 3*a - 12. Let y be f(8). Suppose 0 = 2*z - 4*z + y. Calculate the remainder when o is divided by z.
3
Let k(b) = -b + 21. Let z be k(5). Suppose 18*l - 54 = z*l. Suppose -3*q + 2*f = -17, -3*f + 5*f + 24 = 4*q. Calculate the remainder when l is divided by q.
6
Let r(x) = -x**2 - 55*x - 699. Calculate the remainder when 50 is divided by r(-20).
0
Suppose 0 = -3*t - 5*b - 17, 4*t + t - 4*b - 21 = 0. Suppose -36 = 3*a + 27. What is the remainder when (24/a)/((-4)/14) is divided by t?
0
Let h be (-3)/(-9*(-9)/(-270)). Suppose 5*f = -h*m + 11*m - 126, -5*m - f = -760. Calculate the remainder when m is divided by 13.
8
Let p(q) = -14*q - 373. Let a be p(13). Let s = 92 - a. Calculate the remainder when s is divided by 81.
80
Suppose -3*o = -8*o - 190. Let d = -5 - o. Suppose -5*k + 357 = 4*b, -5*b - 222*k + 462 = -218*k. What is the remainder when b is divided by d?
32
Suppose -q + 363 = -3*d, 1801 = -24*q + 29*q - d. Calculate the remainder when q is divided by 5.
0
Suppose -11*h = 34 - 639. Let a be ((-4)/(-10))/(2/120). Let g = -10 + a. Calculate the remainder when h is divided by g.
13
Suppose -3*d + 679 = 2*k, -2*d - 142*k = -147*k - 478. What is the remainder when 986 is divided by d?
70
Suppose 31*r - 540 = -3*x + 28*r, 5 = 5*r. What is the remainder when x is divided by 3?
2
Let b(s) = s**3 + 22*s**2 + 20*s - 19. Let t be b(-21). Let c(y) = 132*y**2 - 26*y + 49. What is the remainder when c(t) is divided by 16?
13
Suppose 460 = 161*v - 320*v + 164*v. Calculate the remainder when 799 is divided by v.
63
Let s = -8266 - -8295. Calculate the remainder when 141 is divided by s.
25
Suppose 0*i - 142 = -3*j - 4*i, -i = 5. Suppose -2*o = -2*x - 36, 4*x + j = 3*o + 3*x. Suppose -484 = -96*v + 92. What is the remainder when o is divided by v?
0
Let z = -107 + 77. Let u be 10*(-4)/z*(-42)/4. Calculate the remainder when 24 is divided by ((-78)/91)/((-12)/u + -1).
0
Suppose -35*f + 486 = 19*f. What is the remainder when 1025 is divided by f?
8
Suppose -33